2
Let k = -546 - -1091. Let m = 913 - k. What are the prime factors of m?
2, 23
Suppose 2*j + 3748 = -a - 1152, -3*j - a = 7351. Let m = 3801 + j. What are the prime factors of m?
2, 3, 5
Suppose 2*s + 2818 = 3*d, 3382 = -5*s - 3*d - 3705. Let l = s + 2051. List the prime factors of l.
2, 3, 53
Let q be (81/3 - 1) + -1. Suppose -p - 12 = -2. List the prime factors of (-1 - q)*p/4.
5, 13
Suppose -4*w = w - 20. Let d = w - -3. Suppose 3*h + 5*f - 80 = 0, -2 = -f - d. What are the prime factors of h?
5, 7
Let p(b) = 12*b**3 + 11*b**2 - 9*b - 68. What are the prime factors of p(6)?
2, 1433
Let y = 104 + -504. Let m = y + 675. What are the prime factors of m?
5, 11
Suppose 7*s = 2*s - 30. Let a(g) = 7 + g**3 + 256*g + 7*g**2 + 254*g - 508*g. What are the prime factors of a(s)?
31
Let g(b) = 50*b**2 - 4*b + 4. Let q be (399/(-12))/(-7) + (-3)/(-12). Suppose 5*p - 21 = -3*k, p - 4*p = q*k - 19. What are the prime factors of g(k)?
2, 7
Let p(g) = -14*g - 17. Let w be p(-10). Let v = 173 - w. Suppose 2*d - 3*d + 3*n = -v, 1 = n. What are the prime factors of d?
53
Let j(r) = -51*r**3 + 6*r**2 - 5*r - 3. Let k be j(2). Let z = -40 - k. What are the prime factors of z?
3, 7, 17
Suppose 3*d - 75 = -9*i + 4*i, -5*i = 4*d - 80. Let x be 13/65 + (-5079)/(-5). Suppose -i*s - x = -20*s. List the prime factors of s.
127
Let w be ((0 - 1) + (-3 - -1))*1. Let y be 1*(1 + 1) - w - 3. Let a = 46 + y. What are the prime factors of a?
2, 3
Let t = 3047 - 4458. Let u = 2045 + t. List the prime factors of u.
2, 317
Let z be 1*(-8 - -3) + 3 - -31. Suppose -14*p + z*p - 8325 = 0. List the prime factors of p.
3, 5, 37
Suppose 7*p - 6*p = 3*s - 40572, 40578 = 3*s - 3*p. What are the prime factors of s?
13523
Suppose 197364 = 4*h + 68752. What are the prime factors of h?
11, 37, 79
Let m(r) = -3*r**3 - 12*r**2 - 48*r - 174. What are the prime factors of m(-14)?
2, 3, 1063
Let l(a) = -7*a + 14. Let i be l(0). List the prime factors of 378/(-81)*-3*(1 + i).
2, 3, 5, 7
Suppose y + 3 = 4, -5*s - 2*y - 53 = 0. Let b be (1 + 379)/(12 + s). Let j = b + -169. What are the prime factors of j?
211
Let r be 2*(-4)/6*(-6)/4. Suppose r*f + 568 = -6*f. Let n = f - -80. List the prime factors of n.
3
Let w be (((-14)/(-6))/(-7))/(2/(-96)). Let u be (-1)/4 + 340/w. What are the prime factors of (u/2)/(((-45)/132)/(-5))?
2, 7, 11
Let b(z) = -9*z + 49. Let k be (-10)/(-75) - 497/15 - -5. List the prime factors of b(k).
7, 43
Let b(y) = 2*y - 25. Let m be b(8). Let f be (-2)/(42/m) + 6075/35. Let c = f - 117. What are the prime factors of c?
3, 19
Let q = 202 + -198. Let h(k) = -27*k + 16. Let s(l) = -l. Let w(d) = -h(d) + 4*s(d). What are the prime factors of w(q)?
2, 19
Let l(b) = b**3 - b**2 + 3*b + 48. Let k be l(0). Suppose 2*g = -g + 3*y - k, 5*y - 66 = 4*g. What are the prime factors of 2037/g*6/(-9)?
97
Let a(d) = 177*d**3 - 2*d + 3. Let t be a(2). Let l = -524 + t. What are the prime factors of l?
3, 11
Let a(t) = 2245*t**2 + 272*t + 1072. List the prime factors of a(-4).
2, 3, 11, 17
Let a = -135 - -141. Let u be (-102)/1*(-5)/2. Suppose -u = w - a*w. List the prime factors of w.
3, 17
Let b(m) = -m**3 - 10*m**2 - 8*m + 33. Let t be b(-9). Suppose t*j + 4100 = 20180. List the prime factors of j.
2, 5, 67
What are the prime factors of -1 + 0 + (15/5)/((-6)/(-148))?
73
Let j(r) = 24*r**2 - 3*r - 1. Let k be j(-2). Suppose 0 = -4*i - 2*q - 132, 0 = -5*i - 5*q - k - 74. Let w = i - -50. List the prime factors of w.
19
Let n(q) = -48*q**3 - 8*q**2 - 13*q + 26. What are the prime factors of n(-6)?
2, 19, 67
Suppose 256*u - 301*u = -330930. What are the prime factors of u?
2, 3677
Suppose -3*j = -q - 525, 3*j = 4*q + 199 + 335. Let l(k) = 12 - 2 + j*k - 170*k. What are the prime factors of l(13)?
2, 31
Let g be -4*(-215)/40*-2. Let c = -39 - g. Suppose 5*j - q = 270, c*j - 4*q - 178 = 22. List the prime factors of j.
5, 11
Let r = 1861 - 171. Suppose 4*s - 1675 = -5*h, -5*h - 5*s + r = -4*s. Suppose 4*c = -3*p + 2*p + 121, -4*c + h = 3*p. List the prime factors of p.
109
Suppose -j - 3*r + 8048 = 0, -8*r + 5*r = -3*j + 24180. What are the prime factors of j?
7, 1151
Let s be 146 + (-2 - 4 - -6). Let o = 359 - s. What are the prime factors of o?
3, 71
Suppose 10 = 3*p - x, -4*p + 3*x + 3 = -2. Let q be 1/(-7)*1114 + p/35. Let d = 365 + q. What are the prime factors of d?
2, 103
Suppose 57*b - 44*b = 572. Suppose -39*z - 4825 = -b*z. What are the prime factors of z?
5, 193
Suppose -12*g + 8*g - 1232 = 0. Suppose 507 = n - 10. Let m = g + n. List the prime factors of m.
11, 19
Let j = 3286 - 1447. What are the prime factors of j?
3, 613
Suppose -174*s + 157*s - 1658174 = -100*s. List the prime factors of s.
2, 7, 1427
Suppose -2912 = -2*q - 4*z + 8980, 3*q + 2*z - 17814 = 0. List the prime factors of q.
2, 3, 23, 43
Suppose 44*v - 42*v = 5*c + 1086, 4*v - 5*c - 2162 = 0. Suppose -5*p + v = g, -3*p - 7*g + 10*g = -330. List the prime factors of p.
2, 3
Let k(d) be the third derivative of 0*d + 5/2*d**3 + 1/24*d**4 + 2*d**2 + 0. What are the prime factors of k(0)?
3, 5
Let i(o) = 3*o**2 - o - 2. Let g = 59 - 60. Let x be i(g). What are the prime factors of (-18)/(((-20)/65)/x)?
3, 13
Let j be -2*(-3 + 1 + -2). Suppose -j*q - 5*v - 3 = -4*q, -2*v + 4 = -q. What are the prime factors of 290/(-15)*(q + -1)?
2, 29
Suppose -3*u + 51422 = -a, -39760 = -3*u - 5*a + 11686. List the prime factors of u.
2, 3, 2857
List the prime factors of (2 + -9 - (-20213)/(-87))/((-4)/174).
29, 359
Let i be (4/(-12))/(((-3)/(-27))/(-1)). Suppose -4*x + 608 = 2*t, -260 = 3*t + i*x - 1166. List the prime factors of t.
2, 3, 5
Suppose -5*u = -u - x - 3092, -5*u = 3*x - 3882. What are the prime factors of u?
2, 3, 43
Let l(w) be the second derivative of 57*w**5/20 - w**4/12 - w. Let m = -219 + 220. What are the prime factors of l(m)?
2, 7
Suppose 14*v - 56 = 18*v. Let r be (-287)/v*(-4)/(-2). Let q = r + 88. List the prime factors of q.
3, 43
Suppose -291 = x - 2*o, -o + 1143 = 4*x - 8*x. Suppose 3*y + 507 = -69. Let m = y - x. What are the prime factors of m?
3, 31
Let u be -7 + 10 - (-1 - (-10 - -1)). Let i be (-33)/(-8) + (15/u)/24. Suppose -2*f - 4*h = -176, -i*h - 188 = 4*f - 540. What are the prime factors of f?
2, 11
Suppose 0 = -5373*r + 5353*r + 212420. What are the prime factors of r?
13, 19, 43
Let z(d) be the first derivative of -15*d**2/2 - 7*d + 2. Let s(y) = 2*y**2 + 6*y - 112. Let q be s(6). List the prime factors of z(q).
53
Let j be (10 + -8)*-1 + (-267 - 0). Let a = -166 - j. What are the prime factors of a?
103
Suppose u - 5*u = -4*m + 900, 0 = -2*m + 5*u + 465. Suppose 5*n - m = 630. What are the prime factors of n?
2, 5, 17
Let x = -69723 + 99888. What are the prime factors of x?
3, 5, 2011
Let x(z) = -9*z + 18. Suppose 13 = -4*w + 1. Let j be -6 + w + (2 - 1). What are the prime factors of x(j)?
2, 3, 5
Suppose -1313*i = -1223*i - 1387530. List the prime factors of i.
3, 571
Let y(p) = -3*p**2 + p. Let o be y(0). Suppose 11*u - 15*u = -4*v, -u - 4*v - 20 = o. Let m(j) = 4*j**2 - 5*j - 12. List the prime factors of m(u).
2, 3
Let g = 116 + -83. Let r = g - 31. Suppose -53 = -r*y - w, -4*y + w + 109 = -0*w. List the prime factors of y.
3
Let f(a) = 652*a - 389. List the prime factors of f(9).
5479
Let s(g) = -2*g**3 - 90*g**2 + 407*g - 63. What are the prime factors of s(-52)?
3, 23, 241
Let y(b) = 91*b + 102. Let c be y(-16). Let x = -814 - c. What are the prime factors of x?
2, 3, 5
Suppose 1251368 = 101*a - 1361300. What are the prime factors of a?
2, 29, 223
Let p(x) = -8*x**3 - 20*x**2 - 27*x - 73. List the prime factors of p(-13).
2, 7237
Let b = -7 + 1. Let a(f) be the second derivative of -13*f**3/6 - 15*f**2 - 20*f - 8. What are the prime factors of a(b)?
2, 3
Let m(z) = z**3 + 27*z**2 + 90*z - 27. Let r be m(-23). Let a(j) = 2*j - 3. Let x be a(3). Suppose 0 = x*n - 331 + r. List the prime factors of n.
2, 13
Let i(b) = -b**2 + 2*b + 162. Let u be i(16). List the prime factors of (u + 2)*(-770)/44.
2, 3, 5, 7
Let d be (13 + -10)*10/6. Suppose 160 = d*p + 4*f + 32, 5*f = -4*p + 106. Let t = p - -49. List the prime factors of t.
73
Suppose -107 = 6*h - 59. Let c be (-2)/4 - (-2)/(-4). List the prime factors of ((116/h)/c)/((-1)/(-6)).
3, 29
Suppose 4*h = 3*p + 132, -2*h - 2*h = 2*p - 152.